{"id":171,"date":"2019-09-04T22:03:12","date_gmt":"2019-09-04T22:03:12","guid":{"rendered":"https:\/\/vincentsnyderarchitects.com\/?page_id=171"},"modified":"2020-08-01T05:59:31","modified_gmt":"2020-08-01T05:59:31","slug":"publications","status":"publish","type":"page","link":"https:\/\/vincentsnyderarchitects.com\/?page_id=171","title":{"rendered":"publications"},"content":{"rendered":"<p>2013<br \/>\n\u201cPay Dirt\u201d, by Cheryl Weber, Jennifer Goodman, and Amy Albert<br \/>\n<em><strong>Builder Magazine<\/strong><\/em>, Vol. 36:10 (October, 2013):64-65<\/p>\n<p>2012<br \/>\n\u201cVincent Snyder Architects\u201d, <em><strong>1000 Tips by 100 Eco Architects: Guidelines on <\/strong><strong>Sustainable Architecture from the World\u2019s Leading Eco-Architecture Firms<\/strong><\/em>, by Marta Serrats, Editor, Firefly Publishing, Barcelona, Spain, 2012: 308-309<\/p>\n<p>\u201cUrban Reserve 22\u201d, by Chris van Uffelen,<br \/>\n<em><strong>Passive Houses; energy efficient homes<\/strong><\/em>, Braun Publishing AG, Salenstein,<br \/>\nSwitzerland, 2012: 188-193<\/p>\n<p>\u201c2012 Studio Awards\u201d,<br \/>\n<em><strong>Texas Architect<\/strong><\/em>, Vol. 62:6 (Nov\/Dec, 2012):24<\/p>\n<p>\u201c2012 AIA Austin Design Awards\u201d,<br \/>\n<em><strong>Texas Architect<\/strong><\/em>, Vol. 62:4 (July\/August, 2012):16<\/p>\n<p>\u201cAIA Austin 2012 Design Awards\u201d,<br \/>\n<strong><em>Texas Home &amp; Living<\/em><\/strong>, (August, 2012): 59<\/p>\n<p>2011<br \/>\n\u201cEco Warrior\u201d, Urban Reserve 22 in Bulletin News,<br \/>\n<strong><em>Grand Designs Magazine<\/em><\/strong>, (November 2011):21<\/p>\n<p>\u201cLooking Forward by Looking Back,\u201d by Stephanie Woodard,<br \/>\n<strong><em>Indian Country Today<\/em><\/strong>, Vol. 1:37 (October 12, 2011:20-23)<\/p>\n<p>\u201cThe Omaha Cultural and Interpretive Center\u201d<br \/>\n<em>Academic Practice<\/em>, <strong><em>Centerline 5<\/em><\/strong>, UTSOA<br \/>\npp. 104-105 (Spring 2011)<\/p>\n<p>2009<br \/>\n\u201cSuburban Revolution\u201d by Gregory Ibanez,<br \/>\n<strong><em>Texas Architect<\/em><\/strong>, (July\/August 2009): 28<\/p>\n<p>2005<br \/>\n\u201cNew Firm Roundtable &#8211; Architects from emerging practices discuss the promises and perils of design leadership\u201d moderated by C. C. Sullivan<br \/>\n8 invited principals \u201cfrom some of the country\u2019s most promising young firms\u201d.<br \/>\n<strong><em>Architecture <\/em><\/strong>journal (May 2005): 20-25<\/p>\n<p>2003<br \/>\n\u201cOmaha Cultural Center\/Vincent Snyder, Architect,\u201d<br \/>\n50th Annual P\/A Awards<br \/>\n<em><strong>Architecture<\/strong><\/em> journal (January 2003): 62-65<\/p>\n<p>\u201cVincent Snyder, Architect\u201d<br \/>\n2002 Year in Review, Unbuilt Designs Awards,<br \/>\n<em><strong>Architecture Boston<\/strong><\/em> (January 2003): 91<\/p>\n<p>\u201cA Sacred Quest: One Man\u2019s Struggle To Save His Tribe\u2019s Heritage,\u201d<br \/>\nby Fergus M. Bordewich<br \/>\nArticle about Dennis Hastings which includes documentation\/photo of<br \/>\nthe Omaha Cultural Interpretive Center,<br \/>\n<em><strong>My Generation<\/strong><\/em>, an AARP publication (January-February 2003): 56-58<\/p>\n<p>\u201cIntroduction\u201d by JAE design editor, Lily H. Chi<br \/>\nDocumentation\/images of \u201cThe Omaha Cultural and Interpretative Center,\u201d<br \/>\n<strong><em>Journal of Architectural Education<\/em><\/strong>, Vol.56:3 (February 2003): 3-5<\/p>\n<p>2002<br \/>\n\u201cOmaha K\u00fclt\u00fcr ve Tanitim M\u00fczesi, Nebraska,\u201d by Vincent Snyder<br \/>\nProject description and images of the Omaha Tribal Interpretive Center and<br \/>\nMuseum (translated by Bengu Uluengin)<br \/>\n<strong><em>Yapi 250<\/em><\/strong>, a monthly architecture, culture, and art magazine<br \/>\nIstanbul (September 2002): 131-137<\/p>\n<p>\u201cVincent Snyder, Architect\u201d<br \/>\n2001 Year in Review, Unbuilt Designs Awards,<br \/>\n<strong><em>Architecture Boston<\/em><\/strong>, (January 2002): 69<\/p>\n<p>\u201cThe Omaha Tribal Interpretive Center &amp; Museum\u201d<br \/>\n<strong><em>Association of Collegiate Schools of Architecture (ACSA) Annual Meeting <\/em><\/strong><strong><em>Proceedings 2002<\/em><\/strong>, New Orleans, LA<\/p>\n<p>\u201cACSA Award Winners\u201d<br \/>\nAnnouncements\/project descriptions and publicity photos<br \/>\n<em><strong>ACSA News<\/strong><\/em> (February and May 2002)<\/p>\n<p>\u201cAwards, 2002-2003 ACSA Awards Program\u201d<br \/>\nPrevious year\u2019s winners, image and credits for The Omaha Nation Cultural and Interpretive Center<br \/>\n<em><strong>ACSA News<\/strong><\/em>, (September): 28<\/p>\n<p>\u201cTae\u2019ah\u2019thee (New Moon Moving) The Omaha Cultural &amp; Interpretive Center,\u201d<br \/>\nby Dennis Hastings<br \/>\n<em><strong>The Nebraska Report<\/strong><\/em> (July\/August): 56-58<\/p>\n","protected":false},"excerpt":{"rendered":"<p>2013 \u201cPay Dirt\u201d, by Cheryl Weber, Jennifer Goodman, and Amy Albert Builder Magazine, Vol. 36:10 (October, 2013):64-65 2012 \u201cVincent Snyder Architects\u201d, 1000 Tips by 100 Eco Architects: Guidelines on Sustainable Architecture from the World\u2019s Leading Eco-Architecture Firms, by Marta Serrats, <a class=\"more-link\" href=\"https:\/\/vincentsnyderarchitects.com\/?page_id=171\">Read More &#8230;<\/a><\/p>\n","protected":false},"author":1,"featured_media":0,"parent":0,"menu_order":0,"comment_status":"closed","ping_status":"closed","template":"","meta":{"footnotes":""},"class_list":["post-171","page","type-page","status-publish","hentry"],"_links":{"self":[{"href":"https:\/\/vincentsnyderarchitects.com\/index.php?rest_route=\/wp\/v2\/pages\/171","targetHints":{"allow":["GET"]}}],"collection":[{"href":"https:\/\/vincentsnyderarchitects.com\/index.php?rest_route=\/wp\/v2\/pages"}],"about":[{"href":"https:\/\/vincentsnyderarchitects.com\/index.php?rest_route=\/wp\/v2\/types\/page"}],"author":[{"embeddable":true,"href":"https:\/\/vincentsnyderarchitects.com\/index.php?rest_route=\/wp\/v2\/users\/1"}],"replies":[{"embeddable":true,"href":"https:\/\/vincentsnyderarchitects.com\/index.php?rest_route=%2Fwp%2Fv2%2Fcomments&post=171"}],"version-history":[{"count":8,"href":"https:\/\/vincentsnyderarchitects.com\/index.php?rest_route=\/wp\/v2\/pages\/171\/revisions"}],"predecessor-version":[{"id":852,"href":"https:\/\/vincentsnyderarchitects.com\/index.php?rest_route=\/wp\/v2\/pages\/171\/revisions\/852"}],"wp:attachment":[{"href":"https:\/\/vincentsnyderarchitects.com\/index.php?rest_route=%2Fwp%2Fv2%2Fmedia&parent=171"}],"curies":[{"name":"wp","href":"https:\/\/api.w.org\/{rel}","templated":true}]}}